 z be -2 - 6/(s/1). Determine q(z).
-6
Let w(o) = o**2 + 2*o - 1. Let f(y) = -y**3 + 14*y**2 - 14*y + 14. Let z be f(13). Calculate w(z).
2
Let b(z) = -z - 13. Suppose -2 = -4*o - 22. Let c = o - -7. Suppose c*j = j. What is b(j)?
-13
Let h(r) = r**2 + 5*r. Let t be 4/8*(5 + -1). Suppose -s + 1 = -0*v + t*v, 0 = 5*s + 4*v + 13. What is h(s)?
0
Let k(w) = 8 - 7 + 2 - 6 + w**2. Determine k(0).
-3
Let m be 4/(-3)*6/(-4). Let t(d) = -8 + 8 + m*d. Suppose 0*f - a - 5 = 2*f, 4*f = -5*a - 13. Determine t(f).
-4
Let q(c) = 11 + 0*c + c + c - 2. Calculate q(-7).
-5
Let d(f) be the first derivative of -f**3/3 + f - 1. Let i(c) = -3*c**2 - 12*c + 2. Let n be i(-4). What is d(n)?
-3
Let a(n) = -7*n - 1. Suppose 0 = 5*f - 2*f. Let k be 0 + f - (-11 + 10). Calculate a(k).
-8
Let s(q) = q**3 + 4*q**2 - 4*q. Let i(y) = -4*y - 12. Let r be i(-7). Let h = 11 - r. What is s(h)?
-5
Let b = -18 - -46. Suppose -4*n = -3*i - 0*n + 20, -4*i + b = -5*n. Suppose -3*z + i = z. Let q(r) = -r**2 + 5*r - 4. What is q(z)?
2
Let w(d) = -3*d**3 + d**2 - 1. Let t be w(-1). Let k(g) be the second derivative of -g**2 - 2*g + 0 - 1/6*g**t. Calculate k(0).
-2
Let j(n) = -n - 5. Let v be -1 - 5/(-15)*-12. Calculate j(v).
0
Let q = -5 + 5. Suppose q*l + 5 = -l. Let t(h) = -h - 2. Calculate t(l).
3
Suppose -3*q = -4*r - 0*q + 15, -2*r + 3*q + 3 = 0. Let i(x) be the second derivative of -x**3/6 + 6*x**2 + 20*x + 1. What is i(r)?
6
Let r(i) = 0*i + 3*i + 6 + 2. Calculate r(-6).
-10
Let q(z) = -7*z - 22. Let p(k) = 4*k + 11. Let w(b) = -5*p(b) - 3*q(b). Determine w(-5).
6
Suppose -4*j - 2*g = -g + 36, j = g - 4. Let u = -12 - j. Let p(c) be the second derivative of c**3/6 + 4*c**2 + c. Determine p(u).
4
Let x(k) = -k**2 + k + 2. Let n(h) = h**2 + 5*h - 2. Suppose -20 = t + 3*t. Let g be n(t). Give x(g).
-4
Suppose 5*d - 2*d = -k + 5, 25 = 3*d - 4*k. Let l(r) = 4*r - 6*r + 4*r - 3 - d*r. Give l(-5).
2
Suppose 5*x - 12 - 8 = 0. Let v(u) = x*u**2 + 5*u**3 + u**2 - 4*u**2 - 1. Give v(1).
5
Let o(i) = 4*i**2 - 2*i**3 + i**3 - 4 + 4*i**2. Give o(8).
-4
Suppose 3*d + v + 15 = -2*v, -2*v = 4*d + 14. Let x(k) = -2*k. Let q be x(d). Suppose 2 = -s - q. Let m(n) = -n**3 - 5*n**2 + 8*n + 9. What is m(s)?
-3
Let a(j) = -2*j**2 - 7*j - 5. Let d = -3 - -7. Let b(k) = -8*k + 0*k**2 - 5*k**2 - 6 + 2*k**2. Let v(x) = d*a(x) - 3*b(x). Determine v(4).
-2
Let t(c) = -c**3 - c + 1. Let i be (-24)/12*(-1)/2. Let v(x) = -2*x**3 - 3*x**2 + 2*x + 4. Let f(m) = i*v(m) - t(m). What is f(-2)?
-7
Let o(y) be the first derivative of -3*y**2/2 + 5*y + 15. Give o(4).
-7
Let r(l) = 7*l + 1. Let u(w) be the first derivative of 1 - 2*w - 11/2*w**2. Let a(v) = -8*r(v) - 5*u(v). Determine a(-5).
7
Let t = -5 + 6. Let h be (3/t)/(-3)*0. Let y(r) = -r**2 - 2*r + 2*r - r + 7. Calculate y(h).
7
Suppose 0 = 5*d + 5, d + 8 = 2*h - d. Suppose 4 = -l - h. Let a(x) = -x**2 - 7*x + 1. Let b be a(l). Let f(t) = t. Determine f(b).
1
Let k(d) be the third derivative of -d**7/2520 - d**6/144 + d**5/120 - d**4/24 + d**2. Let b(x) be the second derivative of k(x). Let f = 6 - 10. What is b(f)?
5
Let d(l) = -l**3 + 7*l**2 - 7*l + 6. Suppose -7*z + 2*z + 10 = 0. Suppose 4*y - 3*q - 23 = -z*q, 5*q - 11 = -y. Calculate d(y).
0
Let d(q) = -4 - 4*q**2 + 27*q + q**3 - 15*q - 15*q. Determine d(5).
6
Let l(r) be the first derivative of -r + 1 + r**2 + 4/3*r**3. Give l(1).
5
Let g(q) = -2*q + 42. Let w be g(21). Let v(m) = -m**2 + 4. Determine v(w).
4
Let l(y) = -2*y**3 - 2 + 2*y + 2*y**3 - 2*y**2 + 2*y**3. Let d(k) = k**3 + 5*k**2 + 5*k + 1. Let s be d(-4). Let i(g) = g + 5. Let r be i(s). Calculate l(r).
10
Let c(x) = 6*x - 4 - 5*x - 5*x**2 - 2*x + 4*x. Let t(b) = -4*b**2 + 4*b - 4. Let v(i) = -3*c(i) + 4*t(i). Give v(4).
8
Let q(b) = 5*b**2 + 0 - 10*b - 1 + 10*b. What is q(-1)?
4
Let z = 20 + -19. Let g(l) = -l**2 - 2*l + 1. Determine g(z).
-2
Let x(a) = 5*a + 0 - 4 - 1 + a**3 - 5*a**2. Suppose 2*n - 5 = 1, 5*n - 27 = -4*j. Suppose 0 = 2*y - 3*i - 2, 0 + 6 = j*i. Determine x(y).
-1
Let p(t) = -5*t - 2*t**2 + 6*t + 1 + t**2. Determine p(-2).
-5
Let v be (1 - 1) + 3/(-3). Let h be v/((-3)/(-6)) - -2. Let d(g) = -g**3 + g**2 + g + 5. Determine d(h).
5
Suppose 10 = 4*s + 6*s. Let t(l) = 3*l**2 + l - 1. Calculate t(s).
3
Let x be ((-190)/(-20))/((-1)/(-2)). Suppose 3*t + 4*b + x = 0, -4*b = -t + b + 19. Let w(a) = 2*a**2 + 2*a + 1. Determine w(t).
1
Let v(a) = 9*a**2 + 7*a + 5. Let z(m) = -8*m**2 - 7*m - 5. Let g(l) = 6*v(l) + 7*z(l). Calculate g(-4).
-9
Let f(t) be the third derivative of -t**4/24 + t**3/3 - 24*t**2. Give f(4).
-2
Let o(k) = -10 - k - k**3 - 302*k**2 + 303*k**2 - 10. What is o(0)?
-20
Let l(s) = 3*s**3 - s**2 + 13*s + 10. Let t(w) = 2*w**3 - 2*w**2 + 12*w + 9. Let a(r) = 3*l(r) - 4*t(r). Determine a(-6).
12
Let x be 5/(-3) + (-4)/12. Let m = 4 + x. Let w(q) = -q + 4*q + 3 - 2*q - 7*q**m - 4. Determine w(1).
-7
Let q(h) = h - 17. Let l(y) = y - 9. Let w(i) = -11*l(i) + 6*q(i). Calculate w(-4).
17
Let g(o) be the third derivative of o**5/30 + o**4/24 + 10*o**2. Let v = 3 - 5. Give g(v).
6
Suppose 0 = -0*r + 4*r - 8. Let v = r + -2. Let b(c) = 5*c + 0*c + v + c**3 + 1 + 6*c**2. Give b(-5).
1
Let p(o) = -o - 11. Let g be -3 - (15*-1 - 0). Suppose 3*d + 6 + g = 0. Give p(d).
-5
Let j(f) be the second derivative of f**5/20 + f**4/3 - f**3 - 7*f**2/2 + 29*f. Let n(v) = -2*v**2 - 4*v + 1. Let s be n(-3). Give j(s).
-2
Suppose -3*o - 4*u - 9 = 0, 2 = 2*o + 3*u + 8. Let r(b) = b**2 + 2*b + 2. Calculate r(o).
5
Let t(h) = -h**2 + 8*h - 2. Let d be t(8). Let g = -1 - d. Let s(m) = -5*m**2 + m - 1. Calculate s(g).
-5
Suppose 4*s + s - 20 = 0, h = -5*s + 20. Let r(p) = -p**2 - p + 1. What is r(h)?
1
Let x(w) = w**2 + 12*w + 13. Let s be x(-10). Let n(c) = c**3 + 8*c**2 + 11*c + 6. Give n(s).
-22
Let i(n) be the second derivative of n**4/24 + n**3/6 + n**2 + 4*n. Let c(h) be the first derivative of i(h). Give c(0).
1
Let y(i) = 2*i + 0 - 9*i - 2. Let u be (-13)/26*(12/2 - 2). Calculate y(u).
12
Let n = -5 + 7. Let p(j) be the first derivative of -j**4/4 + 2*j - 18. Calculate p(n).
-6
Let r(v) = -3*v**2 - 2*v + 12. Let b(n) = -n**2 - n + 4. Let d(w) = -11*b(w) + 4*r(w). Calculate d(4).
0
Let i(z) = z**3 - 6*z**2 + 6*z - 1. Suppose 0 = 3*g - 8*g. Suppose b + 3*k + 7 = g, -4*b + 3*k = -24 - 8. Give i(b).
4
Let h be -10 + 5 + 4 + -3. Let d(g) = 3*g + 2*g**2 - g**2 + 1 + 1. Determine d(h).
6
Let b(y) = y + 2. Let u be b(5). Let i(m) = m**3 - m**3 - u*m**3 - m + 2*m**2. Let t be 54/66 + 2/11. Determine i(t).
-6
Let w(m) be the third derivative of -m**6/120 + m**5/10 - m**4/24 + 7*m**3/6 + 6*m**2. Let x be (20/(-25))/((-4)/30). Determine w(x).
1
Let o be (-9*(-5)/60)/15. Let a(i) be the second derivative of 2/3*i**3 - 2*i - 5/2*i**2 - 1/2*i**4 + 0 + o*i**5. Calculate a(5).
-10
Let g(s) = 2*s**2 + s - 2. Suppose 8 = 3*v + v. Let q be (0 + v)*7/2. Suppose 4*i + 5*m - 13 = 0, 3*i - 4*i + q = 5*m. Give g(i).
8
Let r(l) = -2*l**2 + 7*l - 6. Let n = 173 + -169. What is r(n)?
-10
Suppose a - 3*b = -a + 12, 0 = 5*a - 3*b - 39. Let t = a - 4. Suppose 2*q = -5*u + 23, 3 = -t*q - 2*u + 8. Let f(x) = 5*x**3 + x. What is f(q)?
-6
Let x(p) = -p**2 + 0*p - 2*p + 2*p + 4 + 3*p. Determine x(6).
-14
Suppose 0 = 5*v - 11 - 9. Let a(r) = 6 - r - 7*r + r**2 + 3*r. Determine a(v).
2
Let v(n) = n**2 + 5*n + 3. Let m be v(-5). Suppose -3*r = 4*u + 11 - 2, -3*u = m*r + 9. Let z(w) = -w**3 - w + 1. Calculate z(u).
1
Let x = 51 + -45. Let o(y) = 4*y - 9. What is o(x)?
15
Suppose -4*g + 5*o - o = 16, 0 = 5*g - 2*o + 17. Let d(c) = c**3 + 4*c**2 + 3*c - 3. What is d(g)?
-3
Suppose o = 6*o. Let p(t) = 2*t - 3 + o - t**2 - t**2 + t**3 - 2*t**2. Let n be (2/(-3))/((-2)/9). What is p(n)?
-6
Suppose -10 = -t - 5*b, -5*t + 5*b - 4 - 6 = 0. Let v(q) = -5*q**2 - q. Let d(z) = 11*z**2 + 2*z - 1. Let j(h) = 6*d(h) + 13*v(h). Determine j(t).
-6
Let i(n) = -n**2 - n - 2. Suppose g = l + 3, -g = 5*l + 4*g - 25. Suppose -x + l = -4*c - 4, -2*c + 2*x + 2 = 0. Give i(c).
-4
Let m(x) = 6*x - 8. Let h(i) = 3*i - 4. Let l(t) = -13*h(t) + 6*m(t). Determine l(3).
-5
Let i(m) = 5*m**3 - 12*m**2 - m - 3. Let y(k) = -4*k**3 + 11*k**2 + k + 3. Let c(r) = -5*i(r) - 6*y(r). Give c(-6).
3
Let j(t) be the second derivative of -t**4/12 - 7*t**3/6 + 13*t**2/2 + t - 5. Give j(-9).
-5
Let b(x) = -x**3 + 6*x**2 